r of 225 and 975?
75
What is the highest common factor of 404 and 3737?
101
What is the highest common factor of 232 and 4?
4
Calculate the highest common factor of 384 and 24.
24
Calculate the highest common divisor of 100 and 14.
2
What is the greatest common divisor of 390 and 30?
30
What is the greatest common divisor of 165 and 66?
33
What is the highest common divisor of 189 and 63?
63
Calculate the greatest common factor of 31 and 372.
31
What is the highest common factor of 28 and 91?
7
Calculate the highest common factor of 6 and 17.
1
Calculate the greatest common factor of 24 and 252.
12
What is the highest common factor of 2367 and 81?
9
Calculate the highest common divisor of 8228 and 408.
68
Calculate the highest common factor of 7 and 17.
1
Calculate the highest common divisor of 6519 and 159.
159
What is the highest common divisor of 4 and 220?
4
What is the greatest common divisor of 175 and 105?
35
What is the greatest common divisor of 37 and 2368?
37
What is the highest common factor of 1127 and 644?
161
What is the greatest common divisor of 1125 and 45?
45
Calculate the highest common factor of 437 and 69.
23
What is the greatest common divisor of 6 and 6306?
6
What is the greatest common divisor of 836 and 722?
38
What is the greatest common factor of 124 and 3131?
31
What is the greatest common divisor of 350 and 25?
25
Calculate the highest common factor of 869 and 237.
79
Calculate the greatest common factor of 13 and 8125.
13
Calculate the greatest common factor of 72 and 528.
24
What is the highest common divisor of 116 and 19604?
116
Calculate the highest common factor of 190 and 418.
38
Calculate the highest common factor of 735 and 420.
105
Calculate the highest common divisor of 10251 and 102.
51
Calculate the highest common factor of 546 and 14.
14
What is the highest common divisor of 14 and 42?
14
Calculate the highest common divisor of 143 and 1166.
11
Calculate the highest common divisor of 35 and 485.
5
Calculate the highest common divisor of 5384 and 24.
8
What is the highest common divisor of 688 and 368?
16
Calculate the highest common factor of 7 and 203.
7
What is the greatest common divisor of 638 and 74327?
319
What is the greatest common divisor of 38 and 684?
38
What is the greatest common divisor of 22 and 583?
11
What is the greatest common factor of 1536 and 96?
96
Calculate the greatest common divisor of 1188 and 176.
44
Calculate the greatest common factor of 2 and 508.
2
What is the highest common factor of 248 and 62?
62
What is the greatest common divisor of 70 and 630?
70
What is the greatest common divisor of 2183 and 259?
37
What is the greatest common divisor of 836 and 532?
76
What is the highest common divisor of 8 and 1268?
4
Calculate the greatest common divisor of 12 and 372.
12
Calculate the highest common divisor of 8392 and 8.
8
What is the greatest common divisor of 576 and 20?
4
What is the highest common divisor of 924 and 49?
7
Calculate the highest common divisor of 608 and 160.
32
What is the highest common factor of 3616 and 80?
16
Calculate the highest common divisor of 98 and 2009.
49
Calculate the highest common factor of 715 and 110.
55
Calculate the greatest common divisor of 76 and 64562.
38
What is the greatest common divisor of 58 and 406?
58
What is the greatest common divisor of 16 and 464?
16
What is the greatest common divisor of 1377 and 297?
27
Calculate the greatest common factor of 15 and 215.
5
What is the highest common factor of 11 and 49049?
11
Calculate the highest common factor of 24 and 192.
24
Calculate the highest common divisor of 414 and 483.
69
Calculate the greatest common divisor of 66 and 2816.
22
Calculate the highest common divisor of 13 and 2782.
13
What is the highest common factor of 1770 and 59?
59
Calculate the greatest common factor of 2587 and 199.
199
What is the highest common factor of 69 and 1242?
69
What is the highest common divisor of 136 and 238?
34
What is the greatest common factor of 1053 and 27?
27
Calculate the highest common factor of 190 and 5605.
95
Calculate the greatest common factor of 51 and 3162.
51
Calculate the greatest common divisor of 100 and 50.
50
Calculate the greatest common divisor of 2148 and 12.
12
What is the highest common factor of 15636 and 12?
12
What is the highest common factor of 2254 and 23?
23
Calculate the highest common factor of 110 and 1210.
110
Calculate the highest common factor of 4298 and 28.
14
Calculate the greatest common factor of 1 and 119.
1
What is the highest common factor of 860 and 40?
20
Calculate the greatest common factor of 40 and 470.
10
What is the highest common factor of 12 and 1902?
6
Calculate the highest common factor of 232 and 638.
58
Calculate the greatest common factor of 60 and 80.
20
Calculate the greatest common factor of 141 and 705.
141
What is the greatest common divisor of 17391 and 153?
51
Calculate the greatest common factor of 12 and 158.
2
What is the greatest common divisor of 1017 and 54?
9
What is the highest common divisor of 300 and 3050?
50
Calculate the highest common divisor of 36 and 27.
9
Calculate the greatest common divisor of 143 and 65.
13
What is the greatest common factor of 3 and 1212?
3
What is the highest common factor of 232 and 1421?
29
What is the greatest common factor of 159 and 147?
3
Calculate the greatest common divisor of 608 and 323.
19
What is the highest common factor of 147 and 231?
21
What is the greatest common divisor of 875 and 21?
7
What is the highest common divisor of 221 and 1479?
17
What is the greatest common factor of 825 and 15?
15
Calculate the greatest common divisor of 63 and 777.
21
Calculate the greatest common divisor of 525 and 425.
25
Calculate the greatest common divisor of 69 and 782.
23
Calculate the greatest common divisor of 50 and 40.
10
Calculate the greatest common divisor of 50 and 240.
10
What is the greatest common factor of 260 and 380?
20
Calculate the highest common divisor of 30 and 24.
6
Calculate the greatest common factor of 236 and 413.
59
What is the greatest common divisor of 336 and 63?
21
Calculate the greatest common factor of 420 and 510.
30
Calculate the greatest common divisor of 1152 and 2048.
128
What is the greatest common factor of 74 and 32?
2
Calculate the highest common factor of 47 and 4324.
47
What is the highest common divisor of 374 and 12155?
187
Calculate the highest common divisor of 280 and 1806.
14
What is the highest common factor of 5136 and 480?
48
Calculate the greatest common factor of 598 and 26.
26
What is the greatest common divisor of 13 and 3?
1
Calculate the highest common divisor of 54 and 144.
18
Calculate the greatest common divisor of 98 and 3626.
98
Calculate the highest common divisor of 88 and 22.
22
What is the greatest common factor of 10 and 2910?
10
Calculate the greatest common divisor of 2691 and 117.
117
What is the highest common factor of 590 and 10?
10
Calculate the greatest common divisor of 96 and 1320.
24
Calculate the highest common factor of 46 and 782.
46
What is the highest common factor of 34 and 306?
34
Calculate the highest common divisor of 34 and 2006.
34
Calculate the greatest common factor of 25 and 2725.
25
Calculate the highest common factor of 954 and 265.
53
Calculate the greatest common divisor of 17390 and 185.
185
Calculate the greatest common divisor of 14 and 203.
7
What is the greatest common divisor of 44 and 77?
11
Calculate the greatest common factor of 162 and 18.
18
What is the greatest common factor of 42 and 126?
42
Calculate the highest common divisor of 8216 and 312.
104
Calculate the greatest common divisor of 297 and 396.
99
What is the highest common divisor of 38 and 475?
19
Calculate the greatest common factor of 165 and 110.
55
Calculate the greatest common factor of 1742 and 670.
134
What is the greatest common divisor of 34755 and 525?
105
What is the highest common divisor of 76 and 570?
38
Calculate the highest common factor of 52 and 28.
4
What is the greatest common divisor of 1339 and 91?
13
What is the greatest common divisor of 198 and 110?
22
What is the greatest common divisor of 495 and 18?
9
What is the greatest common divisor of 126 and 3402?
126
What is the highest co